{"id":9334,"date":"2024-07-18T11:02:45","date_gmt":"2024-07-18T09:02:45","guid":{"rendered":"https:\/\/mecasbl.lu\/?post_type=product&#038;p=9334"},"modified":"2025-03-07T12:42:12","modified_gmt":"2025-03-07T11:42:12","slug":"alphabetisation-debutant-niveau-2-matin-la-alp-3","status":"publish","type":"product","link":"https:\/\/mecasbl.lu\/en\/produit\/alphabetisation-debutant-niveau-2-matin-la-alp-3\/","title":{"rendered":"Alphab\u00e9tisation d\u00e9butant \u2013 Niveau 2 &#8211; Matin &#8211; LA-ALP-3"},"content":{"rendered":"<div class=\"wpb_text_column wpb_content_element \">\n<div class=\"wpb_wrapper\">\n<div class=\"wpb_text_column wpb_content_element \">\n<div class=\"wpb_wrapper\">\n<div class=\"col-xs-12 col-md-12\">\n<p>&nbsp;<\/p>\n<table class=\"table tableseperator\">\n<tbody>\n<tr>\n<td><strong>Formateur<br \/>\n<\/strong><\/td>\n<td><span data-doc-id=\"3314998000000253135\" data-doc-type=\"writer\">Phil<\/span>ippe Thomas<\/td>\n<\/tr>\n<tr>\n<td><strong>Lieu &#8211; le vendredi<\/strong><\/td>\n<td><strong>Jugendhaus<\/strong>, 21 rue Hoovelecker Buurchmauer, L-6418 Echternach<\/td>\n<\/tr>\n<tr>\n<td><strong>Lieu &#8211; le samedi<\/strong><\/td>\n<td><strong>Maison r\u00e9gionale<\/strong>, 9 rue Andr\u00e9 Duchscher, L-6434 Echternach<\/td>\n<\/tr>\n<tr>\n<td><strong>Heure et date<\/strong><\/td>\n<td>10h15 \u00e0 12h15<\/p>\n<p>2x Sem. \u2013 les vendredis et samedis \u2013 du 28 f\u00e9vrier 2025 au 28 juin 2025<\/td>\n<\/tr>\n<tr>\n<td><strong>Dur\u00e9e<\/strong><\/td>\n<td>60 heures<span data-doc-id=\"3314998000000253135\" data-doc-type=\"writer\">\u00a0<\/span>\u2013 15 semaines<\/td>\n<\/tr>\n<\/tbody>\n<\/table>\n<p>&nbsp;<\/p>\n<\/div>\n<\/div>\n<\/div>\n<\/div>\n<\/div>\n","protected":false},"excerpt":{"rendered":"<p>&nbsp; Formateur Philippe Thomas Lieu &#8211; le vendredi Jugendhaus, 21 rue Hoovelecker Buurchmauer, L-6418 Echternach Lieu &#8211; le samedi Maison r\u00e9gionale, 9 rue Andr\u00e9 Duchscher, L-6434 Echternach Heure et date 10h15 \u00e0 12h15 2x Sem. \u2013 les vendredis et samedis \u2013 du 28 f\u00e9vrier 2025 au 28 juin 2025 Dur\u00e9e 60 heures\u00a0\u2013 15 semaines &nbsp;<\/p>\n","protected":false},"featured_media":8484,"template":"","meta":{"_seopress_robots_primary_cat":"none","_seopress_titles_title":"","_seopress_titles_desc":"","_seopress_robots_index":"","inline_featured_image":false},"product_brand":[],"product_cat":[48],"product_tag":[],"class_list":{"0":"post-9334","1":"product","2":"type-product","3":"status-publish","4":"has-post-thumbnail","6":"product_cat-alphabetisation","8":"first","9":"outofstock","10":"sold-individually","11":"shipping-taxable","12":"purchasable","13":"product-type-simple"},"_links":{"self":[{"href":"https:\/\/mecasbl.lu\/en\/wp-json\/wp\/v2\/product\/9334","targetHints":{"allow":["GET"]}}],"collection":[{"href":"https:\/\/mecasbl.lu\/en\/wp-json\/wp\/v2\/product"}],"about":[{"href":"https:\/\/mecasbl.lu\/en\/wp-json\/wp\/v2\/types\/product"}],"wp:featuredmedia":[{"embeddable":true,"href":"https:\/\/mecasbl.lu\/en\/wp-json\/wp\/v2\/media\/8484"}],"wp:attachment":[{"href":"https:\/\/mecasbl.lu\/en\/wp-json\/wp\/v2\/media?parent=9334"}],"wp:term":[{"taxonomy":"product_brand","embeddable":true,"href":"https:\/\/mecasbl.lu\/en\/wp-json\/wp\/v2\/product_brand?post=9334"},{"taxonomy":"product_cat","embeddable":true,"href":"https:\/\/mecasbl.lu\/en\/wp-json\/wp\/v2\/product_cat?post=9334"},{"taxonomy":"product_tag","embeddable":true,"href":"https:\/\/mecasbl.lu\/en\/wp-json\/wp\/v2\/product_tag?post=9334"}],"curies":[{"name":"wp","href":"https:\/\/api.w.org\/{rel}","templated":true}]}}

Alphabétisation débutant – Niveau 2 &#8211; Matin &#8211; LA-ALP-3

<div class="wpb_text_column wpb_content_element ">
<div class="wpb_wrapper">
<div class="wpb_text_column wpb_content_element ">
<div class="wpb_wrapper">
<div class="col-xs-12 col-md-12">
<p>&nbsp;</p>
<table class="table tableseperator">
<tbody>
<tr>
<td><strong>Formateur<br />
</strong></td>
<td><span data-doc-id="3314998000000253135" data-doc-type="writer">Phil</span>ippe Thomas</td>
</tr>
<tr>
<td><strong>Lieu &#8211; le vendredi</strong></td>
<td><strong>Jugendhaus</strong>, 21 rue Hoovelecker Buurchmauer, L-6418 Echternach</td>
</tr>
<tr>
<td><strong>Lieu &#8211; le samedi</strong></td>
<td><strong>Maison régionale</strong>, 9 rue André Duchscher, L-6434 Echternach</td>
</tr>
<tr>
<td><strong>Heure et date</strong></td>
<td>10h15 à 12h15</p>
<p>2x Sem. – les vendredis et samedis – du 28 février 2025 au 28 juin 2025</td>
</tr>
<tr>
<td><strong>Durée</strong></td>
<td>60 heures<span data-doc-id="3314998000000253135" data-doc-type="writer"> </span>– 15 semaines</td>
</tr>
</tbody>
</table>
<p>&nbsp;</p>
</div>
</div>
</div>
</div>
</div>

<p>&nbsp; Formateur Philippe Thomas Lieu &#8211; le vendredi Jugendhaus, 21 rue Hoovelecker Buurchmauer, L-6418 Echternach Lieu &#8211; le samedi Maison régionale, 9 rue André Duchscher, L-6434 Echternach Heure et date 10h15 à 12h15 2x Sem. – les vendredis et samedis – du 28 février 2025 au 28 juin 2025 Durée 60 heures – 15 semaines &nbsp;</p>
